 be the third derivative of -s**4/3 + 19*s**3/6 + 2*s**2 - 341*s. What is d(6)?
-29
Let n(a) = -54*a**2 - 14*a + 143. Let h(w) = 13*w**2 + 3*w - 36. Let o(f) = 25*h(f) + 6*n(f). Determine o(-3).
-6
Let j(w) = -w**2 - 7*w + 18. Suppose 9*c + 16 = -38. Let a be j(c). Let y = a - 29. Let n(p) = p**3 + 6*p**2 + 4*p - 3. What is n(y)?
2
Let z(n) = 3*n**2. Let x(y) = 31*y + 7. Let f(b) = -2*b**2 + 12*b + 3. Let w be f(6). Let r be x(w). Let i be (-4)/r*-5*-5. Determine z(i).
3
Let f(i) be the second derivative of i**5/10 + i**4/3 - 3*i**3/2 - 7*i**2/2 - 2*i - 1810. What is f(-3)?
2
Let m(x) = -x**3 + 14*x**2 + 17*x - 29. Let a be (4 + -13)*(-20)/12. Determine m(a).
1
Let w(t) = -t - 6. Let u(k) = 5*k + 27. Let h be -18*((-2)/(-5))/(12/(-15)). Let q(b) = h*w(b) + 2*u(b). What is q(-12)?
-12
Let m = -10 + 5. Let z = 273 + -34. Let t(a) = z - 114 - a**2 - 118 - 5*a. Calculate t(m).
7
Let s(r) = -5*r - 11. Let o(w) = -6*w - 12. Let b(c) = -4*o(c) + 5*s(c). Suppose 0 = 3*y + y + 5*h - 49, 5*y - 3*h = 15. Suppose 0 = t - y*t. Give b(t).
-7
Let r(p) = 28*p - 14*p + 37*p + 51*p - 19*p - 1. Give r(0).
-1
Let i(b) = b**3 + 24*b**2 - 23*b + 27. Let t = -3653 - -3628. What is i(t)?
-23
Suppose -2*n = i - 5*n + 9, 3*n = -4*i + 9. Let g(v) be the first derivative of -4 + v + 1/4*v**4 + 1/3*v**3 + 0*v**2. What is g(i)?
1
Let b be (-1264)/16*(-1 - 4). Let a = b + -399. Let w(y) = -y**2 - 7*y - 8. Calculate w(a).
4
Suppose 0 = -x - 10 + 39. Suppose -g + 5*v - x = -0*g, 4*g + 21 = v. Let y(s) = -258*s + 1. Let q(j) = 517*j + 3. Let n(u) = q(u) + 2*y(u). What is n(g)?
1
Let m(s) = -15 - 4619*s - 3*s**2 + 4*s**2 + 4633*s. Calculate m(-12).
-39
Let d(j) = 0*j - 3*j**2 - 2*j - 4 - 12 - 1 + 8*j. Let x(c) = 5*c**2 - 13*c + 33. Let y(z) = 7*d(z) + 4*x(z). Give y(-12).
-11
Let p(i) = 9*i**2 + 3*i - 2*i - i + 2 + i. Let k = 4217 - 4218. Give p(k).
10
Let z(j) = 5*j - 4*j + 9 - 2*j**2 + 4*j + j**2. Let r(s) = -s + 1. Let x(n) = 3*r(n) + z(n). Determine x(5).
-3
Let a(h) = 5*h - 40. Let p be a(8). Let n(g) = 1428*g**2 - 1 + g**3 - 1427*g**2 + p*g - 3*g. Determine n(-2).
1
Suppose -3*z = -6, -2*z = -y + 7 - 9. Let r(k) = -3*k**3 + 7*k**2 - 7*k + 6. Calculate r(y).
-4
Suppose -6*y = -128 - 34. Let c = -25 + y. Let u(g) = 7*g - 9 - 12*g**2 + 3*g**c + g**3 + 15. What is u(8)?
-2
Let d(f) = 19*f**2 - 5*f. Let q(g) = -3*g**2 - g + 1. Let r(v) = -d(v) - 6*q(v). Let b = -1 + 6. What is r(b)?
24
Let q(x) be the first derivative of 7*x**2/2 + 13*x - 184. Calculate q(-5).
-22
Let u = -14844 + 14834. Let d(i) = -19*i - 187. Determine d(u).
3
Let r(z) be the first derivative of z**6/120 + z**5/20 - z**4/8 + z**3/2 + 9*z**2 - 2*z + 62. Let y(f) be the second derivative of r(f). Calculate y(-4).
-1
Let d(m) be the third derivative of -m**6/90 - m**5/120 - 4*m**3/3 - 4*m**2. Let r(i) be the first derivative of d(i). Let n be ((-6)/4)/(3/(-2)). Give r(n).
-5
Suppose 2*n + 0 = -3*z - 11, 5*z + 27 = n. Let p(w) = -5*w**2 + w + 4206 - 4202 + 4*w**n. What is p(0)?
4
Let j(p) = p**2 + 33*p + 267. Let r be j(-12). Let i(n) = n**2 - 12*n - 20. Give i(r).
25
Let y(c) = -7*c**3 + 115*c**2 - 3*c + 14. Let w(v) = 10*v**3 - 167*v**2 + 4*v - 21. Let m(h) = 9*w(h) + 13*y(h). Calculate m(-6).
-61
Let o(a) = -6*a - 98. Let t be o(-17). Let u(r) = 2 + 1 + t*r - 5 - 1. Give u(-5).
-23
Let g(r) be the first derivative of r**2/2 + 9*r + 137. Let j(k) = -5*k - 47. Let b(x) = 11*g(x) + 2*j(x). Let d = -11 + 16. Determine b(d).
10
Suppose -20 = 5*f + 15. Suppose 2*m = -5*z + 355, m - 6*m + 284 = 4*z. Let u(g) = z - 71 + 0*g + g. Calculate u(f).
-7
Suppose -3*h + 14*h - 704 = 0. Suppose -n - h = -2*n + 5*x, 5*x = 4*n - 241. Let a(f) = 61*f - n*f - 2 + 0. Calculate a(5).
8
Let z(b) = -61*b + 36. Let h(k) = 14*k - 9. Let n(l) = -9*h(l) - 2*z(l). Let i(m) = m**3 + 2*m**2 - m. Let q be i(2). Let c = q - 6. Determine n(c).
-23
Let m(x) = 2*x**3 - 11*x**2 - 11*x + 13. Suppose -35*w - 18 = -37*w. Let o(s) = s**3 - 6*s**2 - 5*s + 6. Let a(y) = w*o(y) - 4*m(y). Give a(10).
-8
Let m(l) = 2*l**2 + 10*l - 2. Let s be 20/160 + (-45)/40. Let o(u) = 2 - 1 + 0*u + u - 2. Let r(k) = s*m(k) + 5*o(k). Give r(-5).
-28
Let u = -17346 - -17349. Let y(c) = 19*c - 75. Give y(u).
-18
Let k = 15 + -5. Suppose 4*i + 3*j + 10 = 3*i, -5*j - k = 0. Let v(z) = 29*z + 3. Let u(x) = 12*x + 1. Let l(y) = 7*u(y) - 3*v(y). Give l(i).
10
Let v(i) = -i**3 - 12*i**2 - 13*i + 14. Let w = -17301 + 17294. Calculate v(w).
-140
Let a(f) = -f**2 + 2. Suppose 2*b = -3*b + 135. Let s = 1040 - 1037. Let r be 20/15*(b/(-6))/s. Determine a(r).
-2
Suppose 0*n = 2*f + 5*n - 25, 0 = -n + 3. Let i be (-4)/15*-3*f/2. Suppose -5*m = 3*l + l + 15, 4*l = i*m - 22. Let o(b) = -b**2 - 3*b + 3. Calculate o(l).
-7
Let k(h) = h**3 - h**2 + h. Let t(q) = -4*q**3 - 3*q**2 + 2*q. Let y(n) = -3*k(n) + t(n). Suppose -9*g - 86 + 95 = 0. What is y(g)?
-8
Suppose -2*w - w - 4*f = 5, -f = -4*w - 13. Let a(n) = -n**3 - 2*n**2 + 4*n + 5. Let b be a(-3). Let d(h) = -77*h + h**2 + 81*h + b - 6. Determine d(w).
-7
Let p = 1 - -14. Suppose o = -4*o + p. Let z be 3 + (-2 + 2 - o). Let t(h) = h**2 - 1. What is t(z)?
-1
Suppose -11 = 4*z - 63. Let p = z + -11. Let b(w) = 5*w - 3*w + p - 4*w - 10. What is b(-6)?
4
Let f(m) be the second derivative of -m**4/12 + 4*m**3/3 - 2*m**2 - 9*m + 33. Calculate f(8).
-4
Let s(m) = -8*m - 23. Let j be s(-5). Suppose -2*u = 2*u - 5*d + j, -5*u = -5*d + 25. Let v(z) = z**3 + 9*z**2 + 7*z + 12. What is v(u)?
20
Let l(x) = -72*x + 79. Let u(i) = -117*i + 159. Let d(b) = 5*l(b) - 3*u(b). What is d(-9)?
-1
Let j(k) = k**3 - 4*k**2 + 3*k + 1. Suppose 0 = -12*h - 1 + 73. Suppose -s = -4*u - 3*s + h, -2*s - 15 = -3*u. Calculate j(u).
1
Let r(d) = d**3 - 44*d**2 + 41*d + 92. Let z be r(43). Let i(v) = -v**2 + 8*v - 10. Let s(n) = 2*n**2 - 16*n + 19. Let l(g) = 7*i(g) + 4*s(g). Determine l(z).
-6
Let d(k) = 3*k + 1. Let o(u) = -5*u**3 - 2*u**2 + 2*u + 3. Let n be o(-2). Let b(w) = -74*w - 187. Let q be b(-3). Let t = q - n. What is d(t)?
13
Let h(a) = 13*a**2 - 17*a**2 + 11*a - 3*a + 14*a**2 - 11*a**2 + 5. Determine h(5).
20
Let r(w) = w**3 - w**2 - 1. Let p(v) = 5*v**3 - 2*v**2 - 3*v - 3. Let f = 14 + -10. Suppose -4 = -3*h - 7. Let c(m) = f*r(m) + h*p(m). Give c(-3).
-1
Suppose 0 = -2*o - 6*s + 4*s + 16, 23 = 2*o - 5*s. Let y(n) = -n**3 + 8*n**2 + 8*n - 5. Calculate y(o).
-14
Suppose -4*o + 0*d - 4*d = -32, -3*d = -9. Suppose 3 - 68 = -o*u. Let j(a) = a + u + 13 - 20. What is j(-5)?
1
Let b be -28 + 147/217*31. Let g(o) = o**2 + 6*o - 6. Let k(y) = -y - 1. Let x(r) = -g(r) - 2*k(r). Give x(b).
-13
Let c be ((-8)/12)/((-100)/(-150)). Let i(w) = 6*w**3 - 2*w. Calculate i(c).
-4
Let q = -163 + -71. Let c be q/(-24)*16/3. Let t = c + -58. Let b(x) = x**2 + 5*x + 5. Determine b(t).
11
Suppose 0 = -5*o + 12*o - 35. Let u(a) = -5*a - 5. Let y(q) = -4*q - 4. Let p(d) = -3*u(d) + 4*y(d). Calculate p(o).
-6
Let w(p) = 3*p - 52. Let h be w(18). Suppose d - 19 = -6*x + h*x, -4*x + 47 = 5*d. Let b(y) = -y**2 + 7*y. Calculate b(d).
0
Let c = -4 - -15. Let z(o) = 5 + c*o**2 - o**2 + o**3 + 0*o**3. Let p = 35704 + -35714. Calculate z(p).
5
Suppose 4*f - 3*g = -25 - 101, 5*g - 30 = 0. Let i(k) = -k**2 - 24*k + 82. What is i(f)?
1
Let z(m) be the first derivative of m**2 - 15*m + 35. Let o be z(7). Let i(x) = 1 - x - 4*x**2 + 3*x - 3*x**2. Calculate i(o).
-8
Let i(f) = -5*f + 25. Suppose 0 = -21*p - 36815 + 36941. Calculate i(p).
-5
Let c be 4 - (6/3 - 6/1). Let q(k) = k**3 + k**2 - k + 1. Let v(t) = 5*t**3 - 5*t**2 + 5*t - 3. Let i(x) = -4*q(x) + v(x). Give i(c).
1
Let k(b) = 3*b**2 - 6*b + 10. Let n(c) = -2*c**2 + 7*c - 9. Let x(y) = -3*k(y) - 4*n(y). Give x(-10).
6
Let u(r) = -5 - 44*r + 7 + 43*r**2 - 1061*r**3 + 1062*r**3. Give u(-44).
2
Let u(j) = -2*j**2 + 72*j - 2. Let c(n) = 2*n**2 - 87*n + 3. Let k(s) = 5*c(s) + 6*u(s). Calculate k(0).
3
Let z(f) = -2 + 2 + f - 4. Let g(v) = -v**3 + 12*v**2 - 66*v + 175. Let o be g(6). Calculate z(o).
-9
Let s(q) be the second derivative of -q**4 + q**3 + 3*q**2/2 - 18*q + 9. Give s(-2).
-57
Let u(p) = 12*p**2 - 547*p - 5. Let i(k) = 25*k**2 - 1185*k - 11. Let o(b) = 6*i(b) - 13*u(b). Let l = 2 + -1. Determine o(l).
-6
Let k be 9*(0 - 1) + 16. Let r(b) = 17*b**2 + b**3 - 13*b**2 - 10*b**2 - 6*b - 10. Calculate r(k).
-3
Let n(m) be the thir